{"id":197,"date":"2023-10-15T09:42:04","date_gmt":"2023-10-15T07:42:04","guid":{"rendered":"https:\/\/monptibook.com\/?post_type=product&#038;p=197"},"modified":"2023-11-17T22:06:50","modified_gmt":"2023-11-17T21:06:50","slug":"voiture","status":"publish","type":"product","link":"https:\/\/monptibook.com\/index.php\/produit\/voiture\/","title":{"rendered":"Voiture"},"content":{"rendered":"<p>Quelle est cette dr\u00f4le de voiture qui se prom\u00e8ne sur une autoroute-fermetures \u00e9clair\u00a0?<\/p>\n<p>En jouant \u00e0 les ouvrir, une \u00e0 la fois, puis plusieurs, ou toutes en m\u00eame temps, votre enfant pourra s\u2019amuser \u00e0 inventer tout un tas d\u2019histoires. En utilisant progressivement la prise \u00ab\u00a0de la pince \u00bb \u00e0 l\u2019aide de son index et de son pouce, votre enfant utilisera sa motricit\u00e9 fine pour jouer avec les fermetures.<\/p>\n<p>Tout en jouant, votre enfant s\u2019entra\u00eenera \u00e0 manipuler un objet du quotidien, mais \u00e9galement \u00e0 r\u00e9aliser une activit\u00e9 pr\u00e9-\u00e9criture. En effet, ce sera le m\u00eame geste qui sera demand\u00e9 lors de la prise du crayon pour les premi\u00e8res \u00e9critures.<\/p>\n<p>&nbsp;<\/p>\n<p>Mat\u00e9riaux utilis\u00e9s\u00a0:<\/p>\n<p>&#8211; fil de marque G\u00fctermann (connue dans le monde de la couture pour sa solidit\u00e9)<\/p>\n<p>&#8211; feutrine 100% polyester, certifi\u00e9e Oeko-Tex\u00ae, garantissant ainsi sa durabilit\u00e9 et son respect de l\u2019environnement.<\/p>\n<p>&#8211; colle textile sans solvant UHU creativ\u2019 sp\u00e9ciale feutrine<\/p>\n<p>-fermetures \u00e9clair en nylon, avec une fermeture \u00e0 glissi\u00e8re et une t\u00eate en m\u00e9tal solide, facile \u00e0 fermer et \u00e0 ouvrir.<\/p>\n<p>Les pages \u00e9tant r\u00e9alis\u00e9es \u00e0 la main, votre page peut ne pas ressembler exactement \u00e0 la photo, mais je m\u2019emploie \u00e0 ce qu\u2019elle s\u2019en rapproche le plus fid\u00e8lement possible.<\/p>\n","protected":false},"excerpt":{"rendered":"<p>Une page pour manipuler les fermetures \u00e9clair dans un d\u00e9cor imaginaire. &hellip; <a href=\"https:\/\/monptibook.com\/index.php\/produit\/voiture\/\" class=\"more-link\"><span class=\"more-button\">Continue Reading &gt;<span class=\"screen-reader-text\">Voiture<\/span><\/span><\/a><\/p>\n","protected":false},"featured_media":243,"comment_status":"open","ping_status":"closed","template":"","meta":{"_themeisle_gutenberg_block_has_review":false},"product_brand":[],"product_cat":[21],"product_tag":[],"class_list":{"0":"post-197","1":"product","2":"type-product","3":"status-publish","4":"has-post-thumbnail","6":"product_cat-a-manipuler","8":"first","9":"instock","10":"taxable","11":"shipping-taxable","12":"purchasable","13":"product-type-simple"},"jetpack_sharing_enabled":true,"_links":{"self":[{"href":"https:\/\/monptibook.com\/index.php\/wp-json\/wp\/v2\/product\/197","targetHints":{"allow":["GET"]}}],"collection":[{"href":"https:\/\/monptibook.com\/index.php\/wp-json\/wp\/v2\/product"}],"about":[{"href":"https:\/\/monptibook.com\/index.php\/wp-json\/wp\/v2\/types\/product"}],"replies":[{"embeddable":true,"href":"https:\/\/monptibook.com\/index.php\/wp-json\/wp\/v2\/comments?post=197"}],"wp:featuredmedia":[{"embeddable":true,"href":"https:\/\/monptibook.com\/index.php\/wp-json\/wp\/v2\/media\/243"}],"wp:attachment":[{"href":"https:\/\/monptibook.com\/index.php\/wp-json\/wp\/v2\/media?parent=197"}],"wp:term":[{"taxonomy":"product_brand","embeddable":true,"href":"https:\/\/monptibook.com\/index.php\/wp-json\/wp\/v2\/product_brand?post=197"},{"taxonomy":"product_cat","embeddable":true,"href":"https:\/\/monptibook.com\/index.php\/wp-json\/wp\/v2\/product_cat?post=197"},{"taxonomy":"product_tag","embeddable":true,"href":"https:\/\/monptibook.com\/index.php\/wp-json\/wp\/v2\/product_tag?post=197"}],"curies":[{"name":"wp","href":"https:\/\/api.w.org\/{rel}","templated":true}]}}