{"id":141,"date":"2023-08-22T13:39:20","date_gmt":"2023-08-22T11:39:20","guid":{"rendered":"https:\/\/monptibook.com\/index.php\/page-daccueil\/"},"modified":"2025-05-02T16:17:38","modified_gmt":"2025-05-02T14:17:38","slug":"page-daccueil","status":"publish","type":"page","link":"https:\/\/monptibook.com\/","title":{"rendered":"Page d\u2019accueil"},"content":{"rendered":"\n<div class=\"wp-block-group alignfull has-ast-global-color-4-background-color has-background\" id=\"Helene\" style=\"margin-top:0;margin-bottom:0\"><div class=\"wp-block-group__inner-container is-layout-constrained wp-container-core-group-is-layout-db8e7665 wp-block-group-is-layout-constrained\">\n<p>Quels jeunes parents n\u2019ont jamais h\u00e9sit\u00e9 \u00e0 mettre un jeu \u00ab&nbsp;trop t\u00f4t&nbsp;\u00bb devant leur nouveau-n\u00e9, quel entourage n\u2019a jamais imagin\u00e9 pouvoir faire un cadeau joli, utile, durable et personnalis\u00e9 pour une naissance, un premier anniversaire ou un \u00e9v\u00e9nement important&nbsp;?<\/p>\n\n\n\n<p>J\u2019ai voulu rassembler toutes ces envies dans ce nouveau concept&nbsp;: le Ptibook&nbsp;!<\/p>\n\n\n\n<p class=\"has-text-align-left\">Professeur des \u00e9coles depuis 2012, couturi\u00e8re passionn\u00e9e depuis ma premi\u00e8re grossesse en 2017, j\u2019ai eu envie d\u2019allier mes deux passions dans un concept qui me manquait lorsque j\u2019\u00e9tais jeune maman&nbsp;: un livre-objet, qui pouvait \u00eatre utile au tout d\u00e9but de la vie, et qui pouvait \u00e9voluer et grandir avec votre enfant.<\/p>\n\n\n\n<p>Avec mes connaissances p\u00e9dagogiques professionnelles et personnelles, j\u2019ai voulu d\u00e9velopper des pages qui amusent, font r\u00e9fl\u00e9chir, d\u00e9couvrir et r\u00eaver les tout-petits.<\/p>\n\n\n\n<p>Si vous recherchez un livre unique et personnalis\u00e9 pour votre enfant, je vous invite \u00e0 visiter ma boutique en ligne. Je suis s\u00fbre que vous saurez concevoir le livre parfait pour votre enfant.<\/p>\n\n\n\n<p><\/p>\n\n\n<div class=\"wp-block-image\">\n<figure class=\"aligncenter size-large is-resized\"><img loading=\"lazy\" decoding=\"async\" width=\"1024\" height=\"1024\" src=\"https:\/\/monptibook.com\/wp-content\/uploads\/2023\/08\/20230519_110425-fotor-20230822111252-1024x1024.png\" alt=\"\" class=\"wp-image-110\" style=\"width:67px;height:undefinedpx\" srcset=\"https:\/\/monptibook.com\/wp-content\/uploads\/2023\/08\/20230519_110425-fotor-20230822111252-1024x1024.png 1024w, https:\/\/monptibook.com\/wp-content\/uploads\/2023\/08\/20230519_110425-fotor-20230822111252-300x300.png 300w, https:\/\/monptibook.com\/wp-content\/uploads\/2023\/08\/20230519_110425-fotor-20230822111252-150x150.png 150w, https:\/\/monptibook.com\/wp-content\/uploads\/2023\/08\/20230519_110425-fotor-20230822111252-768x768.png 768w, https:\/\/monptibook.com\/wp-content\/uploads\/2023\/08\/20230519_110425-fotor-20230822111252-600x600.png 600w, https:\/\/monptibook.com\/wp-content\/uploads\/2023\/08\/20230519_110425-fotor-20230822111252-100x100.png 100w, https:\/\/monptibook.com\/wp-content\/uploads\/2023\/08\/20230519_110425-fotor-20230822111252.png 1318w\" sizes=\"auto, (max-width: 1024px) 100vw, 1024px\" \/><\/figure>\n<\/div>\n\n\n<p class=\"has-text-align-center\">H\u00e9l\u00e8ne, couturi\u00e8re, professeure, passionn\u00e9e<\/p>\n<\/div><\/div>\n\n\n\n<h2 id=\"wp-block-themeisle-blocks-advanced-heading-2385f020\" class=\"wp-block-themeisle-blocks-advanced-heading wp-block-themeisle-blocks-advanced-heading-2385f020\"><\/h2>\n\n\n\n<h2 id=\"wp-block-themeisle-blocks-advanced-heading-7c541add\" class=\"wp-block-themeisle-blocks-advanced-heading wp-block-themeisle-blocks-advanced-heading-7c541add\"><\/h2>\n\n\n\n<h2 id=\"wp-block-themeisle-blocks-advanced-heading-02f1d3df\" class=\"wp-block-themeisle-blocks-advanced-heading wp-block-themeisle-blocks-advanced-heading-02f1d3df\"><\/h2>\n","protected":false},"excerpt":{"rendered":"<p>Quels jeunes parents n\u2019ont jamais h\u00e9sit\u00e9 \u00e0 mettre un jeu \u00ab&nbsp;trop t\u00f4t&nbsp;\u00bb devant leur nouveau-n\u00e9, quel entourage n\u2019a jamais imagin\u00e9 &hellip; <a href=\"https:\/\/monptibook.com\/\" class=\"more-link\"><span class=\"more-button\">Continue Reading<span class=\"screen-reader-text\">Page d\u2019accueil<\/span><\/span><\/a><\/p>\n","protected":false},"author":1,"featured_media":0,"parent":0,"menu_order":0,"comment_status":"closed","ping_status":"closed","template":"","meta":{"_themeisle_gutenberg_block_has_review":false,"footnotes":""},"class_list":["post-141","page","type-page","status-publish","hentry"],"jetpack_sharing_enabled":true,"_links":{"self":[{"href":"https:\/\/monptibook.com\/index.php\/wp-json\/wp\/v2\/pages\/141","targetHints":{"allow":["GET"]}}],"collection":[{"href":"https:\/\/monptibook.com\/index.php\/wp-json\/wp\/v2\/pages"}],"about":[{"href":"https:\/\/monptibook.com\/index.php\/wp-json\/wp\/v2\/types\/page"}],"author":[{"embeddable":true,"href":"https:\/\/monptibook.com\/index.php\/wp-json\/wp\/v2\/users\/1"}],"replies":[{"embeddable":true,"href":"https:\/\/monptibook.com\/index.php\/wp-json\/wp\/v2\/comments?post=141"}],"version-history":[{"count":25,"href":"https:\/\/monptibook.com\/index.php\/wp-json\/wp\/v2\/pages\/141\/revisions"}],"predecessor-version":[{"id":647,"href":"https:\/\/monptibook.com\/index.php\/wp-json\/wp\/v2\/pages\/141\/revisions\/647"}],"wp:attachment":[{"href":"https:\/\/monptibook.com\/index.php\/wp-json\/wp\/v2\/media?parent=141"}],"curies":[{"name":"wp","href":"https:\/\/api.w.org\/{rel}","templated":true}]}}